mmon divisor of 845 and y?
13
Let t be (-6 - 321/(-15)) + 2/(-5). Let p(z) = 2*z - 5. Let c be p(4). Calculate the greatest common divisor of t and c.
3
Let j(r) be the first derivative of r**3/3 + r**2/2 + 2*r - 8. Let v be j(-2). Suppose 0*q = v*q - 288. What is the highest common divisor of q and 8?
8
Suppose 10*v - 44 - 6 = 0. Suppose 50 = 3*q + 2*q + a, 47 = 2*q - v*a. What is the highest common factor of q and 22?
11
Let z = 68 + -56. Suppose -4*g = -7*g + 72. Let l = -21 + g. Calculate the highest common factor of z and l.
3
Let u(v) = -29*v + 1027. Let t be u(35). What is the greatest common divisor of 1632 and t?
12
Suppose 16 - 10 = 2*i. Suppose 4*w + 6 = 2*w, 5*b = i*w + 219. What is the highest common divisor of b and 63?
21
Let q be (1 - (-10)/(-3))/(-34 - (-1624)/48). Suppose -3*k + 109 = 2*h, -4*k + 4*h = h - 134. What is the greatest common divisor of q and k?
7
Let n(l) = l**3 - 14*l**2 + 14*l - 76. Let r be n(18). What is the greatest common divisor of r and 46?
46
Let y = -44 - -44. Suppose -34 = -y*i - 2*i. Calculate the greatest common divisor of i and 34.
17
Let w = 57 - 37. Let r = w + -15. Suppose 0 = 3*v - h - 2*h - 36, -3*h + 68 = r*v. Calculate the highest common divisor of 52 and v.
13
Let x be -1 + (212 - -1*(-5 - -3)). Suppose 4*o + 4*p = 5*p + x, -194 = -4*o - 2*p. Calculate the greatest common divisor of 17 and o.
17
Suppose -4*f - a + 26 = -3*a, -5*f = 5*a - 10. Suppose -2*c + 15 = c - 4*y, -f*y + 10 = 2*c. Calculate the highest common factor of 1 and c.
1
Let h be 1 + 0 - (-8 - -1). Let k = 3045 - 3029. Calculate the highest common factor of h and k.
8
Let g be 660/8*(-6)/(-5). Let j be (2 - 24)/(7/(-21)). Calculate the highest common divisor of j and g.
33
Let q be (1 + 3 + -7)*-12. What is the highest common factor of q and 189?
9
Let a = -46 - -112. Let x = -3 - 2. Let n = x + 11. What is the highest common divisor of n and a?
6
Suppose 5*i + 3*l = 102, -2*i + 5*l - 3*l = -28. Suppose -4*o + 5*k - 9 - 35 = 0, -o + 3*k = i. Let y = o + 27. Calculate the greatest common factor of 7 and y.
7
Let k(u) = -u**3 + 2*u**2 - 9*u - 11. Let d(h) = h**2 + 2*h - 13. Let q be d(-4). Let a be k(q). Calculate the greatest common divisor of a and 11.
11
Let n(m) = -m**2 - 4*m + 72. Let d be n(0). What is the greatest common factor of d and 60?
12
Suppose -4*p - 1 = n + 6, 0 = 5*n - 5. Let a(j) = -2*j**2 - j + 2. Let s be a(p). Let b = 6 + s. Calculate the greatest common divisor of b and 22.
2
Let g be 1/3 - 32/(-3). Suppose 4*a = -i + 96, -a + 14 = 224*i - 225*i. Calculate the greatest common divisor of a and g.
11
Let z = 41 - 18. Let i be z/(3*2/12). What is the highest common divisor of i and 23?
23
Let m(k) = -1806*k**3 - k**2 - 1. Let l be m(-1). Suppose -i + l = 3*i. What is the greatest common divisor of 41 and i?
41
Let n be (-9)/(-6) - (-316)/8. What is the highest common factor of n and 533?
41
Let f(s) = s**2 + s + 3. Let t(x) = 3*x**3 + x**2 - x. Let q be 2 + 3 + -3 - 1. Let d be t(q). Let a be f(d). What is the greatest common divisor of 3 and a?
3
Let d be (11/(-3) - 2)*(30 - 42). What is the greatest common factor of d and 4?
4
Suppose -3*s - 3*k + 253 = -5, 2*s - 3*k - 157 = 0. Suppose -2*j + 252 = 5*n, 5*j = 4*n - s - 145. What is the greatest common divisor of 130 and n?
26
Let g(i) = -i**2 + i + 17. Let f be g(0). Let l be f/(-136) - (-137)/8. Let j = -235 - -388. What is the highest common factor of j and l?
17
Suppose l + 901 = 903. What is the greatest common divisor of l and 34?
2
Suppose -3*a = -g + 514, -a - 340 = a + 2*g. Let j be 2/(-4) + a/(-2). Let b be 247 + -220 - (-1 - -11). Calculate the highest common divisor of b and j.
17
Let l be ((-42)/9)/(10/(-45)). Let j be (108/l)/(-2)*70/(-15). What is the highest common factor of j and 24?
12
Let r(y) = -y. Let m be r(-3). Let w be (-260)/(-325) + 12/10. Calculate the highest common factor of m and w.
1
Suppose -106*o + 96*o + 100 = 0. Let s = -6 + 8. Suppose d - 90 = -s*d. What is the highest common divisor of o and d?
10
Let d = 1214 - 840. What is the highest common divisor of 22 and d?
22
Suppose t + 3 = 11. Let f = -92 + 220. What is the highest common divisor of f and t?
8
Let d(m) = -m**2 + 25*m - 34. Let k be d(16). What is the greatest common factor of 10 and k?
10
Let o(p) = -3*p - 6. Let b be o(-3). Suppose 496 = s + b*s. Suppose -s = -5*q + 121. What is the greatest common divisor of 7 and q?
7
Suppose 3*l = 5*l - 6. Suppose 0*q = -l*q + 54. What is the highest common divisor of 54 and q?
18
Suppose -2*d + 3*v = -1710, -2*v - 2612 = -5*d + 1685. Calculate the greatest common divisor of d and 7.
7
Let a(m) = 47*m + 302. Let x be a(-6). Let n be (-1 - -52 - 1)/1. Calculate the greatest common factor of x and n.
10
Let f = -87 - -97. What is the greatest common divisor of f and 15?
5
Suppose -55*j - 2737 = -62*j. What is the highest common divisor of j and 17?
17
Let u(s) = 16*s**3 + 4*s**2 - s - 1. Let a be u(1). What is the highest common factor of 99 and a?
9
Let b = -30 + 11. Let u = 20 + b. Let p(l) = 7*l**3 + l**2 + l - 1. Let x be p(u). What is the greatest common divisor of 24 and x?
8
Suppose 3*k - 1 = 5*a, 0*k - a = -5*k + 31. Suppose -z = -k*z + 12. What is the greatest common divisor of z and 2?
2
Let p = 1 + 1. Suppose -5*o + 48 + 7 = 0. Suppose 7*q + 12 = o*q. Calculate the highest common divisor of q and p.
1
Let o(a) = -3*a**2 - 125*a + 8. Let h be o(-41). Calculate the highest common factor of 1140 and h.
30
Let a = -2744 - -3184. What is the greatest common factor of 275 and a?
55
Let h be (-12 - -8)*2 + 32. Calculate the highest common factor of h and 264.
24
Suppose -3*q + 5*v - 25 + 5 = 0, -3*q - 3*v - 12 = 0. Let m be (-340)/(-25) - (-3)/q. Let s = m + -1. What is the highest common factor of s and 30?
6
Suppose -3*u + 388 = 64. Let v be 1/(-3) + (-37)/(-3). What is the highest common divisor of u and v?
12
Suppose -2*q + 25 = -17. Let s be 96/q - 12/(-28). Suppose 91 - 6 = s*i. What is the highest common factor of 119 and i?
17
Let j = -2 + -14. Let b be (-63)/(-18)*j/(-7). What is the greatest common divisor of 88 and b?
8
Let v(i) = -1234*i - 95. Let j be v(-1). Calculate the highest common factor of 34 and j.
17
Suppose -11*h + 2844 = 534. What is the highest common divisor of 735 and h?
105
Suppose 4*l - 4*c + 1 = 25, -5*l = c - 42. Suppose 203 = l*j + 11. What is the greatest common divisor of 3 and j?
3
Suppose -4*n - 3*j = -1416, 4*n - 2*j + 0*j - 1396 = 0. What is the highest common divisor of 65 and n?
13
Suppose 3*g = 2*t + 107, g - 3*t - 23 - 22 = 0. Let p be 7/2 + 2/(-4). Calculate the greatest common divisor of g and p.
3
Let q be (90/(-75))/(4/(-170)). What is the highest common divisor of 136 and q?
17
Let v = 366 - 242. Suppose 2*t + 329 = 5*r, -2*t + 5*t = -2*r + v. Calculate the greatest common factor of 13 and r.
13
Let i = 50 - 34. Suppose 3*x - 2 = 2*t, 7 = 2*x + 3*t - i. Let h be (-78)/((-5)/(10/x)). What is the highest common factor of h and 13?
13
Let g(d) be the first derivative of d**4/4 - 7*d**3/3 + 5*d**2/2 + 7*d - 6. Let a be g(6). Calculate the greatest common divisor of 8 and a.
1
Suppose -160*a = -162*a + 688. What is the highest common divisor of 129 and a?
43
Suppose -16 = -2*a + 12. Let v = a + 0. Suppose 4*g - 448 = -0*g. What is the highest common factor of v and g?
14
Let k(u) = 52*u - 36. Let a be k(8). Calculate the greatest common factor of 19 and a.
19
Suppose -15 = -5*l + 15. What is the highest common factor of l and 498?
6
Suppose 0*i + 450 = 5*i. Let g be 4*(519/132 + 16/(-88)). Calculate the highest common factor of i and g.
15
Let p be (-140)/((-155)/(-1736) - (-6)/(-16)). What is the highest common divisor of 147 and p?
49
Let t(g) = 80 + 206*g - 20 + g**2 - 219*g. Let r be t(9). Calculate the highest common factor of 32 and r.
8
Let g be ((-18)/(-3))/((-39)/(-130)). Let b = -4 - -9. What is the greatest common divisor of g and b?
5
Let b = -1353 + 1371. Calculate the highest common factor of b and 8.
2
Suppose 10 = -2*x - 3*x + 5*b, -2 = -2*x - b. Let z be (x - 4) + 7 + 39. What is the highest common factor of z and 14?
14
Suppose 508 = 5*k - 3*n, -6*n + 2*n = -16. What is the greatest common divisor of k and 1924?
52
Let k(t) = t**2 + 4*t + 4. Let n be k(-4). S